 137295?
135
What is the highest common divisor of 717236 and 104?
52
What is the greatest common divisor of 62523 and 9?
9
What is the highest common factor of 40748 and 25384?
668
Calculate the highest common divisor of 2561 and 88062.
13
What is the greatest common factor of 3936 and 18780?
12
Calculate the greatest common factor of 460 and 8510.
230
Calculate the greatest common divisor of 41704 and 312.
104
Calculate the highest common factor of 1530 and 3690.
90
What is the greatest common factor of 5 and 100445?
5
What is the highest common divisor of 2570 and 2450?
10
What is the greatest common factor of 13 and 320528?
13
What is the highest common divisor of 15892940 and 2135?
2135
What is the highest common divisor of 405 and 1782?
81
What is the highest common divisor of 1025 and 1832905?
205
Calculate the highest common divisor of 3225 and 70305.
645
Calculate the greatest common divisor of 5895 and 23187.
393
What is the greatest common divisor of 7843 and 598?
23
Calculate the greatest common factor of 598771 and 74.
37
Calculate the greatest common divisor of 64659 and 84.
21
Calculate the greatest common factor of 11746 and 406.
14
Calculate the greatest common factor of 176472 and 19.
19
What is the highest common factor of 1044792 and 14?
14
What is the greatest common factor of 8137 and 395?
79
Calculate the greatest common factor of 277189 and 669.
223
What is the greatest common divisor of 15965 and 1545?
515
What is the highest common factor of 1308 and 29232?
12
What is the highest common divisor of 658 and 57386?
14
Calculate the greatest common factor of 75 and 1567.
1
Calculate the greatest common divisor of 198866 and 476.
34
Calculate the greatest common factor of 129212 and 48.
4
Calculate the highest common divisor of 5890 and 880.
10
What is the highest common factor of 583 and 825?
11
Calculate the highest common divisor of 648 and 98856.
72
Calculate the greatest common factor of 14 and 1042013.
7
Calculate the highest common factor of 670285 and 65.
5
Calculate the highest common factor of 42 and 27958.
14
What is the greatest common factor of 461288 and 1744?
872
Calculate the greatest common factor of 5885 and 72105.
55
Calculate the greatest common divisor of 9432 and 200.
8
What is the highest common factor of 1291755 and 15?
15
Calculate the highest common divisor of 102 and 273198.
6
Calculate the highest common factor of 23 and 174340.
23
Calculate the greatest common factor of 142635 and 4995.
555
What is the greatest common factor of 546 and 1248?
78
Calculate the greatest common divisor of 3266 and 9514.
142
Calculate the greatest common divisor of 8683 and 11425.
457
What is the highest common divisor of 23828 and 7084?
644
What is the highest common divisor of 1235 and 3895?
95
Calculate the highest common divisor of 45 and 5235.
15
Calculate the greatest common divisor of 558733 and 665.
133
Calculate the greatest common divisor of 1290 and 60.
30
What is the greatest common divisor of 33 and 22946?
11
Calculate the greatest common factor of 21877 and 524.
131
Calculate the highest common divisor of 130289 and 791.
113
Calculate the highest common divisor of 400716 and 36.
36
What is the highest common factor of 404 and 10807?
101
Calculate the highest common divisor of 616187 and 403.
403
What is the highest common factor of 214 and 1734363?
107
Calculate the greatest common divisor of 517 and 18722.
11
Calculate the highest common factor of 26972 and 176.
44
Calculate the highest common divisor of 28675 and 444.
37
What is the greatest common divisor of 1219 and 8257?
23
Calculate the highest common divisor of 301268 and 5678.
334
Calculate the greatest common factor of 19644 and 180.
12
Calculate the greatest common factor of 34775 and 15943.
107
Calculate the greatest common divisor of 24771 and 69.
69
Calculate the greatest common factor of 14235 and 156.
39
Calculate the highest common divisor of 44530 and 1022.
146
Calculate the greatest common factor of 1005 and 33105.
15
What is the greatest common factor of 4223856 and 224?
112
What is the greatest common divisor of 49862 and 7456?
466
What is the greatest common factor of 4 and 925292?
4
Calculate the highest common factor of 8 and 1395752.
8
Calculate the greatest common divisor of 203312 and 393.
131
Calculate the highest common divisor of 10818 and 2682.
18
What is the highest common divisor of 108199 and 754?
377
Calculate the highest common factor of 3381 and 55797.
21
What is the greatest common divisor of 1691 and 1482?
19
What is the highest common factor of 40 and 77420?
20
Calculate the highest common divisor of 1296 and 62384.
16
What is the highest common factor of 332 and 51316?
4
Calculate the highest common divisor of 5936 and 33824.
112
Calculate the greatest common divisor of 13065 and 10.
5
What is the highest common factor of 78142 and 4450?
178
Calculate the highest common divisor of 712 and 68708.
356
What is the greatest common factor of 80623 and 37?
37
What is the greatest common divisor of 33 and 27903?
3
What is the highest common divisor of 64 and 6476?
4
Calculate the highest common factor of 39600 and 108.
36
What is the greatest common factor of 612216 and 1584?
792
What is the highest common divisor of 90 and 14598?
18
What is the greatest common factor of 56 and 97748?
28
What is the highest common factor of 66 and 58234?
22
What is the greatest common divisor of 4983 and 61155?
453
What is the highest common factor of 442 and 36842?
26
Calculate the highest common factor of 4448 and 4544.
32
Calculate the highest common divisor of 388303 and 573.
191
Calculate the highest common factor of 715122 and 646.
646
Calculate the greatest common factor of 2 and 377290.
2
Calculate the greatest common factor of 828888 and 24.
24
Calculate the highest common divisor of 8130 and 750.
30
Calculate the greatest common factor of 223 and 262248.
223
What is the highest common divisor of 13515 and 41446?
901
Calculate the highest common factor of 89588 and 8.
4
What is the highest common divisor of 14120 and 45?
5
What is the greatest common factor of 195 and 1020695?
65
What is the highest common factor of 428 and 42?
2
Calculate the greatest common divisor of 2992 and 18139.
187
What is the highest common divisor of 155624 and 1568?
392
What is the highest common factor of 9345 and 1570?
5
Calculate the highest common factor of 15060 and 180.
60
Calculate the greatest common divisor of 738 and 10224.
18
Calculate the highest common factor of 312928 and 128.
32
What is the highest common divisor of 129 and 112617?
129
Calculate the greatest common factor of 105992 and 80.
8
Calculate the greatest common factor of 12075 and 945.
105
What is the highest common divisor of 7543 and 296162?
397
Calculate the greatest common divisor of 119 and 4675.
17
What is the highest common factor of 360 and 140?
20
What is the greatest common divisor of 1001 and 10087?
77
Calculate the greatest common factor of 152 and 1336.
8
What is the highest common divisor of 5076 and 940?
188
What is the highest common factor of 8192094 and 87?
87
What is the highest common factor of 174 and 1320225?
87
Calculate the greatest common divisor of 2961 and 4956.
21
What is the greatest common divisor of 41172 and 6204?
564
Calculate the highest common factor of 888 and 18944.
296
What is the highest common factor of 192 and 136716?
12
What is the greatest common factor of 16 and 1102?
2
Calculate the greatest common divisor of 880 and 122000.
80
What is the greatest common divisor of 3375 and 9585?
135
Calculate the highest common factor of 15040 and 112.
16
Calculate the greatest common factor of 172 and 713198.
86
Calculate the highest common factor of 2185 and 110.
5
What is the greatest common factor of 117 and 793?
13
Calculate the greatest common factor of 1552 and 8608.
16
What is the highest common divisor of 2 and 36646?
2
Calculate the greatest common factor of 4956 and 708000.
708
What is the greatest common factor of 19425 and 7500?
75
Calculate the greatest common divisor of 50699 and 131147.
419
Calculate the highest common divisor of 29888 and 11675.
467
Calculate the highest common divisor of 484 and 8788.
4
What is the highest 